{"id":1036,"date":"2025-07-06T20:01:00","date_gmt":"2025-07-06T20:01:00","guid":{"rendered":"https:\/\/dekabe.pl\/?post_type=tribe_events&#038;p=1036"},"modified":"2025-07-06T20:01:24","modified_gmt":"2025-07-06T20:01:24","slug":"kino-plenerowe-dzielna-banda-i-tajemnica-zaginionego-wujka","status":"publish","type":"tribe_events","link":"https:\/\/dekabe.pl\/index.php\/wydarzenie\/kino-plenerowe-dzielna-banda-i-tajemnica-zaginionego-wujka\/","title":{"rendered":"Kino plenerowe: \u201eDzielna banda i tajemnica zaginionego wujka\u201d"},"content":{"rendered":"<p><strong>Stowarzyszenie DeKaBe na seans z cyklu \u201eFilmowe wieczory pod gwiazdami\u201d \u2013 tym razem spotykamy si\u0119 w przyjaznej przestrzeni Centrum Aktywno\u015bci Lokalnej w K\u0142okocinie!<\/strong><\/p>\n<p>Pi\u0105tek, 22 sierpnia 2025 r., godz. 19:30<br \/>\nCAL K\u0142okocin, ul. W\u0142o\u015bcia\u0144ska<\/p>\n<p><strong>\u201eDzielna banda i tajemnica zaginionego wujka\u201d<\/strong><br \/>\nTom i Mary, nieustraszone rodze\u0144stwo, przyp\u0142ywaj\u0105 do Nowego Jorku, by spotka\u0107 si\u0119 ze swoim wujkiem Niallem. Kiedy nie pojawia si\u0119 on w porcie, dzieci bez wahania ruszaj\u0105 jego \u015bladem\u2026 a\u017c na Dziki Zach\u00f3d!<br \/>\nWsiadaj\u0105c na gap\u0119 do poci\u0105gu, rozpoczynaj\u0105 pe\u0142n\u0105 przyg\u00f3d wypraw\u0119 przez Ameryk\u0119. Wraz z nowym przyjacielem i wiernym pieskiem staj\u0105 do walki z gangiem poszukiwaczy z\u0142ota. Czy uda im si\u0119 odnale\u017a\u0107 zaginionego wujka i uratowa\u0107 bliskich z opresji?<br \/>\nTo ciep\u0142a, dynamiczna animacja o odwadze, sile rodze\u0144stwa i niepohamowanej ciekawo\u015bci \u015bwiata \u2013 idealna propozycja dla ca\u0142ej rodziny!<\/p>\n<p><strong>WST\u0118P WOLNY!<\/strong><br \/>\nZabierzcie ze sob\u0105 koce, le\u017caki, co\u015b pysznego do chrupania i dobry humor!<\/p>\n<p>UWAGA<br \/>\nW razie niepogody seans zostanie przeniesiony na inny termin.<br \/>\nB\u0105d\u017acie czujni \u2013 b\u0119dziemy informowa\u0107 na bie\u017c\u0105co!<\/p>\n<p>Nasz projekt \u201eFilmowe wieczory pod gwiazdami\u201d to \u015bwietna okazja, by o\u017cywi\u0107 lokalne przestrzenie i sp\u0119dzi\u0107 letni wiecz\u00f3r razem \u2013 na luzie, w naturze, z dobrym filmem i w wyj\u0105tkowym towarzystwie.<br \/>\nW \u015bwiecie, w kt\u00f3rym kr\u00f3luj\u0105 ekrany telefon\u00f3w, wracamy do rado\u015bci wsp\u00f3lnego prze\u017cywania historii pod letnim niebem.<\/p>\n<p>Projekt obejmuje 6 seans\u00f3w filmowych w sze\u015bciu r\u00f3\u017cnych lokalizacjach \u2013 zapraszamy do udzia\u0142u we wszystkich!<\/p>\n<p><strong>ZADANIE PUBLICZNE JEST WSP\u00d3\u0141FINANSOWANE ZE \u015aRODK\u00d3W OTRZYMANYCH OD MIASTA RYBNIK.<\/strong><\/p>\n<p>Do zobaczenia w K\u0142okocinie \u2013 pod gwiazdami!<\/p>\n","protected":false},"excerpt":{"rendered":"<p>Stowarzyszenie DeKaBe na seans z cyklu \u201eFilmowe wieczory pod gwiazdami\u201d \u2013 tym razem spotykamy si\u0119 w przyjaznej przestrzeni Centrum Aktywno\u015bci Lokalnej w K\u0142okocinie! Pi\u0105tek, 22 sierpnia 2025 r., godz. 19:30 CAL K\u0142okocin, ul. W\u0142o\u015bcia\u0144ska \u201eDzielna banda i tajemnica zaginionego wujka\u201d Tom i Mary, nieustraszone rodze\u0144stwo, przyp\u0142ywaj\u0105 do Nowego Jorku, by spotka\u0107 si\u0119 ze swoim wujkiem Niallem. Kiedy nie pojawia si\u0119 [&hellip;]<\/p>\n","protected":false},"author":1,"featured_media":1031,"template":"","meta":{"_tribe_events_status":"","_tribe_events_status_reason":"","footnotes":""},"tags":[],"tribe_events_cat":[],"class_list":["post-1036","tribe_events","type-tribe_events","status-publish","has-post-thumbnail","hentry"],"_links":{"self":[{"href":"https:\/\/dekabe.pl\/index.php\/wp-json\/wp\/v2\/tribe_events\/1036","targetHints":{"allow":["GET"]}}],"collection":[{"href":"https:\/\/dekabe.pl\/index.php\/wp-json\/wp\/v2\/tribe_events"}],"about":[{"href":"https:\/\/dekabe.pl\/index.php\/wp-json\/wp\/v2\/types\/tribe_events"}],"author":[{"embeddable":true,"href":"https:\/\/dekabe.pl\/index.php\/wp-json\/wp\/v2\/users\/1"}],"version-history":[{"count":2,"href":"https:\/\/dekabe.pl\/index.php\/wp-json\/wp\/v2\/tribe_events\/1036\/revisions"}],"predecessor-version":[{"id":1038,"href":"https:\/\/dekabe.pl\/index.php\/wp-json\/wp\/v2\/tribe_events\/1036\/revisions\/1038"}],"wp:featuredmedia":[{"embeddable":true,"href":"https:\/\/dekabe.pl\/index.php\/wp-json\/wp\/v2\/media\/1031"}],"wp:attachment":[{"href":"https:\/\/dekabe.pl\/index.php\/wp-json\/wp\/v2\/media?parent=1036"}],"wp:term":[{"taxonomy":"post_tag","embeddable":true,"href":"https:\/\/dekabe.pl\/index.php\/wp-json\/wp\/v2\/tags?post=1036"},{"taxonomy":"tribe_events_cat","embeddable":true,"href":"https:\/\/dekabe.pl\/index.php\/wp-json\/wp\/v2\/tribe_events_cat?post=1036"}],"curies":[{"name":"wp","href":"https:\/\/api.w.org\/{rel}","templated":true}]}}

<p><strong>Stowarzyszenie DeKaBe na seans z cyklu „Filmowe wieczory pod gwiazdami” – tym razem spotykamy się w przyjaznej przestrzeni Centrum Aktywności Lokalnej w Kłokocinie!</strong></p>
<p>Piątek, 22 sierpnia 2025 r., godz. 19:30<br />
CAL Kłokocin, ul. Włościańska</p>
<p><strong>„Dzielna banda i tajemnica zaginionego wujka”</strong><br />
Tom i Mary, nieustraszone rodzeństwo, przypływają do Nowego Jorku, by spotkać się ze swoim wujkiem Niallem. Kiedy nie pojawia się on w porcie, dzieci bez wahania ruszają jego śladem… aż na Dziki Zachód!<br />
Wsiadając na gapę do pociągu, rozpoczynają pełną przygód wyprawę przez Amerykę. Wraz z nowym przyjacielem i wiernym pieskiem stają do walki z gangiem poszukiwaczy złota. Czy uda im się odnaleźć zaginionego wujka i uratować bliskich z opresji?<br />
To ciepła, dynamiczna animacja o odwadze, sile rodzeństwa i niepohamowanej ciekawości świata – idealna propozycja dla całej rodziny!</p>
<p><strong>WSTĘP WOLNY!</strong><br />
Zabierzcie ze sobą koce, leżaki, coś pysznego do chrupania i dobry humor!</p>
<p>UWAGA<br />
W razie niepogody seans zostanie przeniesiony na inny termin.<br />
Bądźcie czujni – będziemy informować na bieżąco!</p>
<p>Nasz projekt „Filmowe wieczory pod gwiazdami” to świetna okazja, by ożywić lokalne przestrzenie i spędzić letni wieczór razem – na luzie, w naturze, z dobrym filmem i w wyjątkowym towarzystwie.<br />
W świecie, w którym królują ekrany telefonów, wracamy do radości wspólnego przeżywania historii pod letnim niebem.</p>
<p>Projekt obejmuje 6 seansów filmowych w sześciu różnych lokalizacjach – zapraszamy do udziału we wszystkich!</p>
<p><strong>ZADANIE PUBLICZNE JEST WSPÓŁFINANSOWANE ZE ŚRODKÓW OTRZYMANYCH OD MIASTA RYBNIK.</strong></p>
<p>Do zobaczenia w Kłokocinie – pod gwiazdami!</p>

<p>Stowarzyszenie DeKaBe na seans z cyklu „Filmowe wieczory pod gwiazdami” – tym razem spotykamy się w przyjaznej przestrzeni Centrum Aktywności Lokalnej w Kłokocinie! Piątek, 22 sierpnia 2025 r., godz. 19:30 CAL Kłokocin, ul. Włościańska „Dzielna banda i tajemnica zaginionego wujka” Tom i Mary, nieustraszone rodzeństwo, przypływają do Nowego Jorku, by spotkać się ze swoim wujkiem Niallem. Kiedy nie pojawia się [&hellip;]</p>
